he highest common factor of 16 and y?
16
Suppose -328 = -50*r + 9*r. What is the greatest common divisor of r and 1912?
8
Let m be (-1)/((-2)/(-1) - 888/448). Let s = 81 + m. Let n(c) = 7*c - 37. Let q be n(16). Calculate the greatest common divisor of s and q.
25
Let f = -7889 - -8492. Calculate the greatest common factor of f and 135.
9
Let x be ((-64)/80)/(2/(-105)). Suppose -16 = -x*w + 320. Calculate the highest common factor of 384 and w.
8
Let k be 27/(-36) + 4869/12 - -1. Let h = k - 373. What is the highest common divisor of h and 627?
33
Suppose -4*o + 188 = 5*v, 0 = 2*v + 4*o - 2*o - 76. Let w = v + -34. Let g = -31 - -49. Calculate the highest common divisor of w and g.
2
Let q be -5 + (-123249)/(-70) - 3/(-10) - 7. What is the greatest common factor of q and 561?
33
Let u(f) = -f**2 - f + 28. Let i be u(-5). Let y be 286*4/i - (8 + -3). Calculate the highest common divisor of 69 and y.
69
Let a be -1 + 35 - (-2 + 1). Suppose 232 = -3*l + 241. Let q be 16/l + 6 + 152/(-24). What is the highest common divisor of q and a?
5
Let h be 1 - (0 + -3 + 26). Let z be h/(-2) + 1/(-1). Suppose -320 = 9*m - 4*m - 13*m. What is the highest common factor of m and z?
10
Let n = -4067 - -4277. What is the highest common divisor of n and 150?
30
Let o = 25291 + -23796. Calculate the highest common divisor of 6279 and o.
299
Suppose 79*x = 75*x - 168. Let i = 18 - x. Calculate the greatest common factor of i and 15.
15
Suppose 3*m = 4*m + 4*l - 22, -2*m = 5*l - 32. Let g = -360 - -414. Calculate the greatest common factor of g and m.
6
Let x(y) = y**3 - 4*y**2 - 3*y + 1. Let w be x(6). Let h(m) = m**3 + 9*m**2 - 51*m - 273. Let u be h(-4). Calculate the highest common factor of w and u.
11
Let z be (176/(-6))/((-79)/11376). Calculate the greatest common divisor of z and 33.
33
Let i(m) = 39*m - 47. Let y be i(10). Let z = -173 + y. Let c = -146 + z. What is the highest common divisor of c and 3?
3
Suppose 3*d = 2*j + 86, -5*d + 15 = -j - 28. Suppose 202 - 63 = -4*x + p, 5*p = -2*x - 75. Let c = x - j. What is the greatest common factor of c and 72?
8
Suppose -130141*z + 130099*z + 1764 = 0. Let p(k) = -94*k + 1. Let l be p(-2). What is the greatest common divisor of z and l?
21
Suppose 0 = -10*o + 16*o - 180. Let s be 16 + -4*o/(-24). Calculate the greatest common divisor of s and 14.
7
Let k = 8 + -6. Suppose -3*c = 2*o - 4*o + k, c + 2 = o. Suppose 106*i - 2418 = 4790. Calculate the greatest common divisor of i and o.
4
Let k = 1688 - 1679. Suppose 2179 = 5*q - 1826. What is the highest common divisor of k and q?
9
Let m(v) = 3*v + 92. Let h(i) = -2*i - 46. Let d(l) = 7*h(l) + 4*m(l). Let k be d(11). Calculate the highest common divisor of k and 180.
12
Suppose -25 = 3*o + 5. Let y(b) = 3*b. Let n be y(o). Let f = 58 + n. Calculate the greatest common divisor of 4 and f.
4
Suppose 212 - 3274 - 69508 = -59*o. What is the greatest common divisor of o and 10?
10
Let t be 11720/6 - (-18)/81*(-51)/34. Calculate the greatest common factor of 2790 and t.
279
Let g be -16*(-93)/(-496) + 13362/2. What is the highest common divisor of 84 and g?
42
Suppose -16 = -5*u + 3*u. Suppose -1 = -7*o + u*o. Let t be 24*o*(-2 - (-51)/(-6)). What is the highest common divisor of t and 28?
28
Let t(h) = h**3 + 6*h**2 - 20*h + 10. Let m be t(-8). Let d be (-9)/(3*2/(-4)). What is the greatest common divisor of d and m?
6
Let z(a) be the first derivative of -a**3/3 - 27*a**2 - 122*a + 196. Let b be z(-51). Calculate the highest common factor of b and 403.
31
Let y = 16 + -19. Let i be -2 - (-9 + 0 - y). Suppose -i*c - 42 = -7*c - 3*t, -t = 4*c - 62. What is the highest common factor of c and 16?
16
Let p = -800 - -804. Let g be ((-6)/4)/((-12)/40). Suppose g*b - 46 = -2*s, 2*b - 5*s + 7 = b. What is the greatest common divisor of p and b?
4
Let t = -203 + 390. Let l = 248 - t. What is the highest common factor of l and 488?
61
Suppose -5*r - x = -3*x - 128, 0 = 3*x - 3. Let k(q) = -6*q + 222. Let o be k(24). What is the greatest common factor of r and o?
26
Suppose 0 = -r + 1 + 7. Suppose r*b = 11 + 21. Let l be -4*(-3)/(-3 - -6). What is the highest common factor of l and b?
4
Suppose -17*i + 12975 = 104*i - 12435. What is the greatest common divisor of 686 and i?
14
Suppose 0 = -52*w + 58*w - 294. Suppose -273*m = -280*m + w. Calculate the greatest common factor of m and 3.
1
Let h(w) = -2*w**3 + 74*w**2 + 74*w + 157. Let f be h(38). What is the highest common divisor of f and 10044?
81
Let b(k) = 4*k - 23. Let h be b(7). Let x be -4 + 6 - h - 2. Let n = 27 + x. What is the greatest common factor of 22 and n?
22
Let t(a) = 167*a - 3. Let m be (11 + -10)/((-7)/(-42)). Let j be t(m). What is the greatest common divisor of j and 27?
27
Let v = 6153 - 6051. What is the greatest common divisor of 90 and v?
6
Let g(l) = 2*l**2 + 112*l - 76. Let x be g(-58). Calculate the highest common divisor of 780 and x.
156
Let r = -1395 - -1406. What is the highest common divisor of 187 and r?
11
Suppose -2*r + 5*r - 42 = -3*s, 5*r - 46 = s. Let t(d) = d**2 + 39*d + 70. Let w be t(-39). Calculate the highest common divisor of r and w.
10
Suppose 18*x - 20*x - 4*h = -14, 19 = -3*x + 2*h. Let n(u) = -4*u**3 - 3*u**2 - 2*u + 6. Let t be n(x). Calculate the greatest common factor of 186 and t.
93
Let d = -4 + 4. Let n = 110 - 90. Suppose 0 = p + p - 4*y - n, d = 4*p + 2*y - 40. What is the highest common divisor of p and 15?
5
Let b(q) = q**3 - 25*q**2 - q + 106. Suppose -200 = -28*a + 20*a. Let u be b(a). Calculate the highest common divisor of 36 and u.
9
Let o be 7 + 1 + ((-77)/(-22))/(21/6). Let s(g) = -8*g - 9. Let k be s(-3). Calculate the highest common divisor of o and k.
3
Suppose 0 = -3*p + 15 + 27. Suppose -11*v = -4*v - p. Suppose -3*s + 660 = -v*m, 0 = -2*s - m + 2*m + 440. What is the greatest common factor of 22 and s?
22
Let l(c) = -c**3 + 12*c**2 - 14*c + 41. Let i be l(11). Let k be 10 + 0 + -5 - -419. Calculate the highest common divisor of i and k.
8
Let x be (-12)/(-10)*(1 - 966/(-9)). Calculate the greatest common divisor of 3510 and x.
130
Let l = 3112 + -2221. Suppose -77*k = -86*k + l. Let a = 31 + -20. Calculate the highest common factor of a and k.
11
Suppose -464 = 3*q - 14*v + 16*v, v - 2 = 0. Let a = q + 260. Calculate the greatest common factor of 8 and a.
8
Suppose -3*a - 3 = 0, 3*a = s - 148 - 44. Calculate the greatest common divisor of 675 and s.
27
Suppose 0*q = q - 6. Let n(t) = -t**3 + 59*t**2 + 12*t - 698. Let x be n(59). Calculate the greatest common factor of q and x.
2
Suppose -p = 3*p. Let f(b) = -b. Let c be f(p). Suppose 2*j + 2*r = 40, -56 = -c*j - 4*j + 4*r. What is the highest common divisor of j and 187?
17
Let y(i) = -3*i**2 + 10*i - 19. Let m be y(6). Let j = m + 87. What is the highest common factor of j and 160?
20
Suppose -15 = 147*s - 150*s, -5*x + 26975 = -s. What is the highest common divisor of 228 and x?
76
Let k(y) = 9*y**2 - 43*y + 83. Let o be k(3). Calculate the highest common divisor of o and 14315.
35
Suppose y - 38 = 2*x + 2*y, -71 = 3*x + 5*y. Let r = 41 + x. Let g be (3 + (-8 - 4))/((-6)/4). Calculate the highest common factor of g and r.
6
Let m(i) = 8*i - 168. Let o be m(21). Suppose 13*g - 1465 + 35 = o. Calculate the highest common factor of 10 and g.
10
Let k(o) = 2*o - 5. Let z be k(6). Suppose -317*v + 33551 + 11118 = 2508. Calculate the greatest common divisor of v and z.
7
Suppose 66*t = -106*t + 31*t + 11844. What is the greatest common factor of t and 658?
14
Let w(u) = 2*u**2 - 23*u - 69. Let c be w(-3). Suppose -c*g = -3*t - 14*g + 39, -18 = -3*t - 3*g. What is the highest common divisor of t and 24?
3
Suppose 2*x - 2*t + 5*t = 146, -3*x = 4*t - 219. Let g(q) = -61874*q - 123091. Let l be g(-2). Calculate the highest common factor of x and l.
73
Let z be (-2 - 12) + 13 + (-148)/(-8)*28. What is the highest common divisor of 275 and z?
11
Suppose 3*d + 1 = 4*d, -14 = -5*s - 4*d. Let n(u) = 8 - 3 + 9*u + 6 - s + 4*u**2. Let m be n(-2). Calculate the highest common factor of 63 and m.
7
Suppose -33*p = 2940 + 6762. Let x = 417 + p. What is the greatest common factor of x and 41?
41
Let w = -273 + 274. Let g be 369/36 + w/(-4). Calculate the greatest common divisor of g and 6.
2
Suppose 0 = -3*f - 6*f. Suppose 